when 36309 is divided by 661?
615
What is the remainder when 1533 is divided by 529?
475
Calculate the remainder when 30231 is divided by 703.
2
Calculate the remainder when 2465 is divided by 1953.
512
Calculate the remainder when 33107 is divided by 3.
2
Calculate the remainder when 18312 is divided by 197.
188
What is the remainder when 538838 is divided by 22?
14
Calculate the remainder when 795 is divided by 58.
41
What is the remainder when 3358 is divided by 1112?
22
Calculate the remainder when 215524 is divided by 1253.
8
What is the remainder when 17146 is divided by 50?
46
What is the remainder when 448923 is divided by 12?
3
Calculate the remainder when 991 is divided by 265.
196
Calculate the remainder when 126664 is divided by 18.
16
What is the remainder when 24814 is divided by 13?
10
Calculate the remainder when 10082 is divided by 1440.
2
What is the remainder when 63160 is divided by 1433?
108
Calculate the remainder when 8558 is divided by 172.
130
What is the remainder when 201132 is divided by 116?
104
What is the remainder when 88643 is divided by 2270?
113
Calculate the remainder when 102274 is divided by 11.
7
Calculate the remainder when 6737 is divided by 371.
59
Calculate the remainder when 81957 is divided by 40974.
9
Calculate the remainder when 106701 is divided by 264.
45
Calculate the remainder when 11675 is divided by 2334.
5
What is the remainder when 13384 is divided by 1046?
832
What is the remainder when 242516 is divided by 283?
268
What is the remainder when 4933 is divided by 110?
93
Calculate the remainder when 379665 is divided by 25.
15
Calculate the remainder when 3000 is divided by 79.
77
Calculate the remainder when 8482 is divided by 1210.
12
Calculate the remainder when 1217349 is divided by 58.
45
What is the remainder when 49067 is divided by 423?
422
What is the remainder when 15134 is divided by 5040?
14
What is the remainder when 13852 is divided by 243?
1
What is the remainder when 2541 is divided by 152?
109
Calculate the remainder when 107837 is divided by 61.
50
Calculate the remainder when 11921 is divided by 89.
84
Calculate the remainder when 5532 is divided by 2760.
12
What is the remainder when 5707 is divided by 5595?
112
What is the remainder when 12183 is divided by 720?
663
Calculate the remainder when 306608 is divided by 306595.
13
Calculate the remainder when 256739 is divided by 111.
107
Calculate the remainder when 14187 is divided by 7083.
21
Calculate the remainder when 215194 is divided by 7.
0
Calculate the remainder when 621894 is divided by 23.
20
Calculate the remainder when 195908 is divided by 46.
40
Calculate the remainder when 8126 is divided by 31.
4
What is the remainder when 2189 is divided by 256?
141
Calculate the remainder when 15486 is divided by 12.
6
Calculate the remainder when 11762 is divided by 52.
10
What is the remainder when 133587 is divided by 26?
25
What is the remainder when 13273 is divided by 3?
1
Calculate the remainder when 1497167 is divided by 16.
15
Calculate the remainder when 59622 is divided by 338.
134
Calculate the remainder when 1053567 is divided by 70237.
12
Calculate the remainder when 17882 is divided by 84.
74
What is the remainder when 22961 is divided by 7651?
8
Calculate the remainder when 3283 is divided by 222.
175
What is the remainder when 12324 is divided by 2457?
39
Calculate the remainder when 9649 is divided by 567.
10
Calculate the remainder when 54187 is divided by 106.
21
Calculate the remainder when 2975726 is divided by 16.
14
What is the remainder when 71469 is divided by 1880?
29
What is the remainder when 3306 is divided by 359?
75
Calculate the remainder when 4812 is divided by 321.
318
Calculate the remainder when 163993 is divided by 800.
793
Calculate the remainder when 1280 is divided by 19.
7
Calculate the remainder when 2050649 is divided by 105.
104
What is the remainder when 308156 is divided by 187?
167
Calculate the remainder when 198013 is divided by 448.
445
What is the remainder when 2992 is divided by 271?
11
Calculate the remainder when 6028 is divided by 37.
34
Calculate the remainder when 5894 is divided by 24.
14
What is the remainder when 10133 is divided by 9843?
290
What is the remainder when 6551 is divided by 275?
226
Calculate the remainder when 153357 is divided by 51118.
3
Calculate the remainder when 18014 is divided by 182.
178
Calculate the remainder when 52958 is divided by 40.
38
What is the remainder when 4434 is divided by 1189?
867
Calculate the remainder when 10769 is divided by 10617.
152
Calculate the remainder when 747674 is divided by 61.
58
Calculate the remainder when 664 is divided by 567.
97
Calculate the remainder when 96623 is divided by 229.
214
Calculate the remainder when 21825 is divided by 21824.
1
What is the remainder when 14481 is divided by 1599?
90
Calculate the remainder when 338817 is divided by 499.
495
Calculate the remainder when 176 is divided by 54.
14
What is the remainder when 2064 is divided by 122?
112
Calculate the remainder when 342139 is divided by 658.
637
What is the remainder when 14935 is divided by 440?
415
What is the remainder when 210165 is divided by 9134?
83
Calculate the remainder when 4555 is divided by 48.
43
Calculate the remainder when 2965 is divided by 2931.
34
What is the remainder when 33358 is divided by 412?
398
Calculate the remainder when 23990 is divided by 186.
182
Calculate the remainder when 9258 is divided by 1851.
3
What is the remainder when 5513709 is divided by 107?
106
Calculate the remainder when 100969 is divided by 439.
438
What is the remainder when 4709 is divided by 2196?
317
What is the remainder when 115928 is divided by 19316?
32
Calculate the remainder when 2059 is divided by 122.
107
Calculate the remainder when 92112 is divided by 207.
204
What is the remainder when 217977 is divided by 90?
87
What is the remainder when 277049 is divided by 16?
9
What is the remainder when 3706 is divided by 458?
42
What is the remainder when 10097 is divided by 1008?
17
What is the remainder when 4711 is divided by 1122?
223
What is the remainder when 146720 is divided by 17?
10
What is the remainder when 58782 is divided by 29391?
0
What is the remainder when 5913 is divided by 33?
6
What is the remainder when 3004 is divided by 15?
4
What is the remainder when 1067615 is divided by 24?
23
What is the remainder when 33129 is divided by 141?
135
Calculate the remainder when 2612 is divided by 189.
155
Calculate the remainder when 1622 is divided by 5.
2
What is the remainder when 1980290 is divided by 15233?
0
Calculate the remainder when 6038 is divided by 11.
10
Calculate the remainder when 55770 is divided by 18587.
9
Calculate the remainder when 8728 is divided by 3.
1
What is the remainder when 203228 is divided by 28?
4
What is the remainder when 602 is divided by 85?
7
Calculate the remainder when 10623 is divided by 2120.
23
What is the remainder when 6481 is divided by 5141?
1340
What is the remainder when 92261 is divided by 317?
14
Calculate the remainder when 5144 is divided by 1602.
338
What is the remainder when 11900 is divided by 32?
28
What is the remainder when 1001056 is divided by 333675?
31
What is the remainder when 81552 is divided by 634?
400
Calculate the remainder when 16031 is divided by 382.
369
What is the remainder when 11535 is divided by 362?
313
Calculate the remainder when 3342 is divided by 552.
30
Calculate the remainder when 913231 is divided by 14.
11
Calculate the remainder when 123829 is divided by 14.
13
Calculate the remainder when 153086 is divided by 64.
62
What is the remainder when 65373 is divided by 283?
0
Calculate the remainder when 257099 is divided by 1577.
48
What is the remainder when 773812 is divided by 773805?
7
Calculate the remainder when 4254 is divided by 46.
22
Calculate the remainder when 394463 is divided by 131485.
8
What is the remainder when 5275 is divided by 1953?
1369
What is the remainder when 126 is divided by 11?
5
Calculate the remainder when 19684 is divided by 394.
378
What is the remainder when 58346 is divided by 482?
24
What is the remainder when 625245 is divided by 156?
153
What is the remainder when 59953 is divided by 85?
